{"id":257,"date":"2024-05-06T14:11:41","date_gmt":"2024-05-06T14:11:41","guid":{"rendered":"http:\/\/automat.kornblumen-apotheke.at\/?page_id=257"},"modified":"2024-06-19T10:58:41","modified_gmt":"2024-06-19T10:58:41","slug":"automat-grafenstein","status":"publish","type":"page","link":"https:\/\/automat.kornblumen-apotheke.at\/","title":{"rendered":"AUTOMAT GRAFENSTEIN"},"content":{"rendered":"\n<figure class=\"wp-block-table is-style-stripes\"><table><tbody><tr><td>Nummer<\/td><td>Produkt<\/td><td>Zweck<\/td><\/tr><tr><td>10<\/td><td>Perskindol classic Gel<\/td><td>Muskelschmerzen, Verspannung, w\u00e4rmendes Geld, durchblutungsf\u00f6rdernd<\/td><\/tr><tr><td>11<\/td><td>MUCOLAXX HUSTENLOESER<\/td><td>Schleiml\u00f6ser<\/td><\/tr><tr><td>12<\/td><td>Altea Flu Hustensaft<\/td><td>Hustensaft Erwachsene<\/td><\/tr><tr><td>14<\/td><td>Tantills Clackcurrant Lutschtabletten<\/td><td>leichte Halsschmerzen<\/td><\/tr><tr><td>15<\/td><td>Stillaxx Hustenpastillen<\/td><td>hustenreizlindernd<\/td><\/tr><tr><td>16<\/td><td>Klosterfrau Hustensaft Kinder<\/td><td>Hustensaft Kind<\/td><\/tr><tr><td>17<\/td><td>Stillaxx Hustenstiller Junior<\/td><td>Hustensaft Kind<\/td><\/tr><tr><td>18<\/td><td>Stillaxx Hustenstiller<\/td><td>Hustensaft Erwachsene<\/td><\/tr><tr><td>20<\/td><td>Sidroga Husten-Bronchialtee<\/td><td>Tee Aufgu\u00dfbeutel<\/td><\/tr><tr><td>21<\/td><td>LYTOMED Elektrolyt L\u00f6sung<\/td><td>Durchfall Elektrolytl\u00f6sung<\/td><\/tr><tr><td>23<\/td><td>Tantills Junior<\/td><td>leichte Halsschmerzen Kind<\/td><\/tr><tr><td>24<\/td><td>Junior Angin<\/td><td>leichte Halsschmerzen Kind<\/td><\/tr><tr><td>26<\/td><td>Curafam Deluxe <\/td><td>Kondome Standardgr\u00f6\u00dfe<\/td><\/tr><tr><td>27<\/td><td>Ritex Gleitgel<\/td><td>wasserbasiertes Gleitgel<\/td><\/tr><tr><td>28<\/td><td>Chlorhexidin Mundsp\u00fclung<\/td><td>desinfizierende Mundsp\u00fclung<\/td><\/tr><tr><td>29<\/td><td>Uro Forte Cranberry<\/td><td>Blasenprobleme<\/td><\/tr><tr><td>30<\/td><td>BronchoPlant Brustbalsam Kind<\/td><td>Erk\u00e4ltungsbalsam Kind<\/td><\/tr><tr><td>31<\/td><td>BronchoPlant Brustbalsam<\/td><td>Erk\u00e4ltungsbalsam Erwachsene<\/td><\/tr><tr><td>32<\/td><td>BronchoPlant Nasenspray Baby<\/td><td>Schnupfenspray Baby + Kind<\/td><\/tr><tr><td>33<\/td><td>BronchoPlant Nasenspray Forte<\/td><td>Schnupfenspray Erwachsene<\/td><\/tr><tr><td>34<\/td><td>Easy Ear Ohrentropfen<\/td><td>Ohrenschmerzen \u00e4u\u00dferer Geh\u00f6rgang<\/td><\/tr><tr><td>35<\/td><td>Eye Drops 0,2%<\/td><td>Befeuchtende, lindernde Augentropfen<\/td><\/tr><tr><td>36<\/td><td>Oleo Vital Augensalbe<\/td><td>Augensalbe<\/td><\/tr><tr><td>37<\/td><td>Gengigel<\/td><td>Zahnungsgel Baby<\/td><\/tr><tr><td>38<\/td><td>Oral Flu Lutschtabletten<\/td><td>Lutschtabletten Hals<\/td><\/tr><tr><td>39<\/td><td>Hals Plus<\/td><td>Halsschmerzen, Kaukapsel<\/td><\/tr><tr><td>40<\/td><td>Prokto Creme<\/td><td>H\u00e4morrhoiden<\/td><\/tr><tr><td>41<\/td><td>Bepanthen Schaumspray<\/td><td>Sonnenbrand<\/td><\/tr><tr><td>42<\/td><td>Panthenol Creme<\/td><td>Pflegecreme, \u00e4hnlich Bepanthen<\/td><\/tr><tr><td>43<\/td><td>Handwerker Box Pflaster<\/td><td>Pflaster<\/td><\/tr><tr><td>44<\/td><td>Weidenrinden Spezial Shampoo<\/td><td>L\u00e4use vorbeugend<\/td><\/tr><tr><td>46<\/td><td>Pedicul Hermal<\/td><td>L\u00e4use Behandlung<\/td><\/tr><tr><td>48<\/td><td>Stich Ex<\/td><td>Insektenstiche<\/td><\/tr><tr><td>49<\/td><td>Engelwurz Balsam<\/td><td>Schnupfen<\/td><\/tr><tr><td>50<\/td><td>Ginko Biloba Venen Gel<\/td><td>Venengel<\/td><\/tr><tr><td>51<\/td><td>KORN SONNE Milch LSF 50+100ml<\/td><td>Sonnenmilch<\/td><\/tr><tr><td>52<\/td><td>Arnika Thermo Creme<\/td><td>w\u00e4rmende Creme, Muskelverspannungen<\/td><\/tr><tr><td>53<\/td><td>NOBITE HAUT SPRAY<\/td><td>Insektenschutz<\/td><\/tr><tr><td>54<\/td><td>Zink + C + D<\/td><td>Immunsystem<\/td><\/tr><tr><td>55<\/td><td>Schlaf Gut pflanzlich<\/td><td>Pflanzliche Schlafhilfe<\/td><\/tr><tr><td>56<\/td><td>Culex<\/td><td>Insektenstift<\/td><\/tr><tr><td>57<\/td><td>LomaHerpan<\/td><td>Fieberblasen<\/td><\/tr><tr><td>58<\/td><td>Eupilen<\/td><td>Sonnenbrand, Verbrennungen<\/td><\/tr><tr><td>59<\/td><td>Octenisept Gel<\/td><td>Wunddesinfektion<\/td><\/tr><tr><td>60<\/td><td>Therma Care Nacken + Schulter<\/td><td>W\u00e4rmepflaster<\/td><\/tr><tr><td>62<\/td><td>Therma Care Punktueller Schmerz<\/td><td>W\u00e4rmepflaster<\/td><\/tr><tr><td>64<\/td><td>Vio Bella Schwangerschaftstest<\/td><td>Schwangerschaftstest<\/td><\/tr><tr><td>65<\/td><td>Additiva Magnesium 375 Stick<\/td><td>Magnesiumsticks<\/td><\/tr><tr><td>66<\/td><td>Wellion Thermometer<\/td><td>Fieberthermometer<\/td><\/tr><tr><td>67<\/td><td>WAYA LAX JUNIOR<\/td><td>Verstopfung<\/td><\/tr><tr><td>68<\/td><td>Stick Reflux Control<\/td><td>Reflux, Sodbrennen<\/td><\/tr><\/tbody><\/table><\/figure>\n\n\n\n<p><\/p>\n\n\n\n<p><\/p>\n","protected":false},"excerpt":{"rendered":"<p>Nummer Produkt Zweck 10 Perskindol classic Gel Muskelschmerzen, Verspannung, w\u00e4rmendes Geld, durchblutungsf\u00f6rdernd 11 MUCOLAXX HUSTENLOESER Schleiml\u00f6ser 12 Altea Flu Hustensaft Hustensaft Erwachsene 14 Tantills Clackcurrant Lutschtabletten leichte Halsschmerzen 15 Stillaxx Hustenpastillen hustenreizlindernd 16 Klosterfrau Hustensaft Kinder Hustensaft Kind 17 Stillaxx Hustenstiller Junior Hustensaft Kind 18 Stillaxx Hustenstiller Hustensaft Erwachsene 20 Sidroga Husten-Bronchialtee Tee Aufgu\u00dfbeutel 21 [&hellip;]<\/p>\n","protected":false},"author":1,"featured_media":0,"parent":0,"menu_order":0,"comment_status":"closed","ping_status":"closed","template":"","meta":{"footnotes":""},"class_list":["post-257","page","type-page","status-publish","hentry"],"_links":{"self":[{"href":"https:\/\/automat.kornblumen-apotheke.at\/index.php?rest_route=\/wp\/v2\/pages\/257","targetHints":{"allow":["GET"]}}],"collection":[{"href":"https:\/\/automat.kornblumen-apotheke.at\/index.php?rest_route=\/wp\/v2\/pages"}],"about":[{"href":"https:\/\/automat.kornblumen-apotheke.at\/index.php?rest_route=\/wp\/v2\/types\/page"}],"author":[{"embeddable":true,"href":"https:\/\/automat.kornblumen-apotheke.at\/index.php?rest_route=\/wp\/v2\/users\/1"}],"replies":[{"embeddable":true,"href":"https:\/\/automat.kornblumen-apotheke.at\/index.php?rest_route=%2Fwp%2Fv2%2Fcomments&post=257"}],"version-history":[{"count":6,"href":"https:\/\/automat.kornblumen-apotheke.at\/index.php?rest_route=\/wp\/v2\/pages\/257\/revisions"}],"predecessor-version":[{"id":264,"href":"https:\/\/automat.kornblumen-apotheke.at\/index.php?rest_route=\/wp\/v2\/pages\/257\/revisions\/264"}],"wp:attachment":[{"href":"https:\/\/automat.kornblumen-apotheke.at\/index.php?rest_route=%2Fwp%2Fv2%2Fmedia&parent=257"}],"curies":[{"name":"wp","href":"https:\/\/api.w.org\/{rel}","templated":true}]}}