{"id":222,"date":"2023-09-26T07:18:23","date_gmt":"2023-09-26T07:18:23","guid":{"rendered":"http:\/\/automat.kornblumen-apotheke.at\/?page_id=222"},"modified":"2023-09-26T07:18:23","modified_gmt":"2023-09-26T07:18:23","slug":"lutschtabletten-oralflu-hals","status":"publish","type":"page","link":"https:\/\/automat.kornblumen-apotheke.at\/?page_id=222","title":{"rendered":"LUTSCHTABLETTEN ORALflu HALS"},"content":{"rendered":"\n<figure class=\"wp-block-image size-full\"><img loading=\"lazy\" decoding=\"async\" width=\"421\" height=\"421\" src=\"http:\/\/automat.kornblumen-apotheke.at\/wp-content\/uploads\/2023\/09\/lutschtabletten-oralflu-hals-FPAAPRZ3T.png\" alt=\"\" class=\"wp-image-223\" srcset=\"https:\/\/automat.kornblumen-apotheke.at\/wp-content\/uploads\/2023\/09\/lutschtabletten-oralflu-hals-FPAAPRZ3T.png 421w, https:\/\/automat.kornblumen-apotheke.at\/wp-content\/uploads\/2023\/09\/lutschtabletten-oralflu-hals-FPAAPRZ3T-300x300.png 300w, https:\/\/automat.kornblumen-apotheke.at\/wp-content\/uploads\/2023\/09\/lutschtabletten-oralflu-hals-FPAAPRZ3T-150x150.png 150w\" sizes=\"auto, (max-width: 421px) 100vw, 421px\" \/><\/figure>\n\n\n\n<p>Medizinprodukt, das Reizungen und Brennen im Hals beruhigt, indem es einen Schutzfilm mit Barrierewirkung bildet, der den Kontakt mit Reizstoffen von au\u00dfen beschr\u00e4nkt.<br>Diese Lutschtabletten mindern R\u00f6tungen im Hals, befeuchten die Schleimhaut und sorgen f\u00fcr eine angenehme Frische. Empfohlen bei Beschwerden und Reizungen im Hals und in der Mundh\u00f6hle.<\/p>\n\n\n\n<p><strong>20 Lutschtabletten<\/strong><\/p>\n\n\n\n<h2 class=\"wp-block-heading\">HINWEISE<\/h2>\n\n\n\n<p>HILFREICH BEI:<\/p>\n\n\n\n<ol class=\"wp-block-list\">\n<li>HALSSCHMERZEN<\/li>\n\n\n\n<li>REIZUNGEN<\/li>\n\n\n\n<li>BRENNEN<\/li>\n<\/ol>\n\n\n\n<p><a href=\"http:\/\/assets.unifarco.it\/portale\/de\/private\/Assets\/technisches-datenblatt\/2023-datenblaetter\/lutschtabletten-oralflu-hals-FPAAPRZ0E.pdf\" target=\"_blank\" rel=\"noreferrer noopener\">Datenblatt herunterladen<\/a><\/p>\n\n\n\n<h2 class=\"wp-block-heading\">ANWENDUNG<\/h2>\n\n\n\n<p>3- bis 4-mal t\u00e4glich 1 Lutschtablette langsamim Mund zergehen lassen. Nicht kauen.Nach der Einnahme ca. 1 Stunde lang nichtessen oder trinken.<\/p>\n\n\n\n<h2 class=\"wp-block-heading\">SICHERHEIT<\/h2>\n\n\n\n<p>VON NATUR AUS LAKTOSEFREI<br>GLUTENFREI<br>OHNE S\u00fc\u00dfstoffe<br>OHNE Zuckerzusatz<br>OHNE Konservierungsstoffe<br>F\u00dcR VEGETARIER GEEIGNET<\/p>\n\n\n\n<p><a href=\"https:\/\/www2.unifarco.it\/de\/private\/produkte\/apotheker-entwickler\/gesundheit-und-vitalitat\/atmungstrakt\/lutschtabletten-oralflu-hals\/430#\">Aktivstoffe <\/a><a href=\"https:\/\/www2.unifarco.it\/de\/private\/produkte\/apotheker-entwickler\/gesundheit-und-vitalitat\/atmungstrakt\/lutschtabletten-oralflu-hals\/430#\">FORMEL <\/a><a href=\"https:\/\/www2.unifarco.it\/de\/private\/produkte\/apotheker-entwickler\/gesundheit-und-vitalitat\/atmungstrakt\/lutschtabletten-oralflu-hals\/430#\">Zielgruppe <\/a><a href=\"https:\/\/www2.unifarco.it\/de\/private\/produkte\/apotheker-entwickler\/gesundheit-und-vitalitat\/atmungstrakt\/lutschtabletten-oralflu-hals\/430#\">Pluspunkte des produkts<\/a><\/p>\n\n\n\n<p>\u200b<img decoding=\"async\" src=\"https:\/\/assets.unifarco.it\/cataloghi\/de\/Immagini%20Prodotti\/tab-valori\/tab-valori-lutsc-oralflu-hals.JPG\" alt=\"\"><\/p>\n\n\n\n<p><strong>ALOE VERA<\/strong><br>Die fleischigen Bl\u00e4tter der Aloe enthalten ein Gel, das zu etwa 99 % aus Wasser und zu 1 % aus Polysacchariden, Enzymen, Vitaminen, Mineralstoffen und organischen S\u00e4uren besteht. Dank der enthaltenen Mono- und Polysaccharide <strong>wirkt die Aloe vera reizmildernd, befeuchtend und feuchtigkeitsspendend<\/strong>. Durch ihre stark filmbildende Wirkung in der Mundh\u00f6hle hindert sie \u00e4u\u00dfere Reizstoffe daran, sich an den Schleimh\u00e4uten festzusetzen.<br><br><strong>WEGRAUKE<\/strong><br>Dank ihrer <strong>befeuchtenden und trophischen Wirkung <\/strong>f\u00fcr die Mund- und Rachenschleimhaut hilft die Wegrauke bei Stimmlosigkeit und Heiserkeit. Sie <strong>beruhigt Reizungen <\/strong>und unterst\u00fctzt damit die Funktionalit\u00e4t der oberen Atemwege.<br><br><strong>STRO<\/strong><strong>HBLUME<\/strong><br>Die Strohblume unterst\u00fctzt das Wohlbefinden von Nase und Hals. Sie <strong>wirkt erfrischend <\/strong>und lindert damit die gereizte Schleimhaut.<\/p>\n","protected":false},"excerpt":{"rendered":"<p>Medizinprodukt, das Reizungen und Brennen im Hals beruhigt, indem es einen Schutzfilm mit Barrierewirkung bildet, der den Kontakt mit Reizstoffen von au\u00dfen beschr\u00e4nkt.Diese Lutschtabletten mindern R\u00f6tungen im Hals, befeuchten die Schleimhaut und sorgen f\u00fcr eine angenehme Frische. Empfohlen bei Beschwerden und Reizungen im Hals und in der Mundh\u00f6hle. 20 Lutschtabletten HINWEISE HILFREICH BEI: Datenblatt herunterladen [&hellip;]<\/p>\n","protected":false},"author":1,"featured_media":0,"parent":0,"menu_order":0,"comment_status":"closed","ping_status":"closed","template":"","meta":{"footnotes":""},"class_list":["post-222","page","type-page","status-publish","hentry"],"_links":{"self":[{"href":"https:\/\/automat.kornblumen-apotheke.at\/index.php?rest_route=\/wp\/v2\/pages\/222","targetHints":{"allow":["GET"]}}],"collection":[{"href":"https:\/\/automat.kornblumen-apotheke.at\/index.php?rest_route=\/wp\/v2\/pages"}],"about":[{"href":"https:\/\/automat.kornblumen-apotheke.at\/index.php?rest_route=\/wp\/v2\/types\/page"}],"author":[{"embeddable":true,"href":"https:\/\/automat.kornblumen-apotheke.at\/index.php?rest_route=\/wp\/v2\/users\/1"}],"replies":[{"embeddable":true,"href":"https:\/\/automat.kornblumen-apotheke.at\/index.php?rest_route=%2Fwp%2Fv2%2Fcomments&post=222"}],"version-history":[{"count":1,"href":"https:\/\/automat.kornblumen-apotheke.at\/index.php?rest_route=\/wp\/v2\/pages\/222\/revisions"}],"predecessor-version":[{"id":224,"href":"https:\/\/automat.kornblumen-apotheke.at\/index.php?rest_route=\/wp\/v2\/pages\/222\/revisions\/224"}],"wp:attachment":[{"href":"https:\/\/automat.kornblumen-apotheke.at\/index.php?rest_route=%2Fwp%2Fv2%2Fmedia&parent=222"}],"curies":[{"name":"wp","href":"https:\/\/api.w.org\/{rel}","templated":true}]}}