{"id":2,"date":"2016-05-10T03:48:21","date_gmt":"2016-05-10T03:48:21","guid":{"rendered":"http:\/\/automat.kornblumen-apotheke.at\/?page_id=2"},"modified":"2023-04-03T14:25:08","modified_gmt":"2023-04-03T14:25:08","slug":"sample-page","status":"publish","type":"page","link":"https:\/\/automat.kornblumen-apotheke.at\/?page_id=2","title":{"rendered":"Willkommen!"},"content":{"rendered":"<p>Hier finden Sie alle Informationen zu den verf\u00fcgbaren Produkten.<br \/>\nScannen Sie den jeweiligen QR-Code vor dem Produkt um zu Produktbeschreibung zu gelangen.<\/p>\n<p>Bitte beachten Sie:<\/p>\n<ul>\n<li>Bitte informieren Sie sich vor dem Kauf \u00fcber die Ware die Sie kaufen.<\/li>\n<li>Keine R\u00fccknahme, Umtausch ausgelagerter Ware<\/li>\n<li>Keine Treuepunkte f\u00fcr ausgelagerte Ware<\/li>\n<li>Keine Rechnung gem\u00e4\u00df \u00a7 XYZ Registrierkassenverordnung.<\/li>\n<\/ul>\n<p>Probleme:<\/p>\n<ul>\n<li>Bitte wenden Sie sich bei Problemen bei der Auslagerung an 04225 29888-889 von Mo-Fr. 08-14 Uhr. Es wird jeder Vorgang dokumentiert, es kann also nichts verloren gehen.<\/li>\n<\/ul>\n","protected":false},"excerpt":{"rendered":"<p>Hier finden Sie alle Informationen zu den verf\u00fcgbaren Produkten. Scannen Sie den jeweiligen QR-Code vor dem Produkt um zu Produktbeschreibung zu gelangen. Bitte beachten Sie: Bitte informieren Sie sich vor dem Kauf \u00fcber die Ware die Sie kaufen. Keine R\u00fccknahme, Umtausch ausgelagerter Ware Keine Treuepunkte f\u00fcr ausgelagerte Ware Keine Rechnung gem\u00e4\u00df \u00a7 XYZ Registrierkassenverordnung. Probleme: [&hellip;]<\/p>\n","protected":false},"author":1,"featured_media":0,"parent":0,"menu_order":0,"comment_status":"closed","ping_status":"open","template":"","meta":{"footnotes":""},"class_list":["post-2","page","type-page","status-publish","hentry"],"_links":{"self":[{"href":"https:\/\/automat.kornblumen-apotheke.at\/index.php?rest_route=\/wp\/v2\/pages\/2","targetHints":{"allow":["GET"]}}],"collection":[{"href":"https:\/\/automat.kornblumen-apotheke.at\/index.php?rest_route=\/wp\/v2\/pages"}],"about":[{"href":"https:\/\/automat.kornblumen-apotheke.at\/index.php?rest_route=\/wp\/v2\/types\/page"}],"author":[{"embeddable":true,"href":"https:\/\/automat.kornblumen-apotheke.at\/index.php?rest_route=\/wp\/v2\/users\/1"}],"replies":[{"embeddable":true,"href":"https:\/\/automat.kornblumen-apotheke.at\/index.php?rest_route=%2Fwp%2Fv2%2Fcomments&post=2"}],"version-history":[{"count":3,"href":"https:\/\/automat.kornblumen-apotheke.at\/index.php?rest_route=\/wp\/v2\/pages\/2\/revisions"}],"predecessor-version":[{"id":11,"href":"https:\/\/automat.kornblumen-apotheke.at\/index.php?rest_route=\/wp\/v2\/pages\/2\/revisions\/11"}],"wp:attachment":[{"href":"https:\/\/automat.kornblumen-apotheke.at\/index.php?rest_route=%2Fwp%2Fv2%2Fmedia&parent=2"}],"curies":[{"name":"wp","href":"https:\/\/api.w.org\/{rel}","templated":true}]}}