{"id":193,"date":"2023-05-22T16:17:30","date_gmt":"2023-05-22T16:17:30","guid":{"rendered":"http:\/\/automat.kornblumen-apotheke.at\/?page_id=193"},"modified":"2023-05-22T16:17:30","modified_gmt":"2023-05-22T16:17:30","slug":"bronchoplant-brustbalsam","status":"publish","type":"page","link":"https:\/\/automat.kornblumen-apotheke.at\/?page_id=193","title":{"rendered":"Bronchoplant\u00ae Brustbalsam"},"content":{"rendered":"\n<figure class=\"wp-block-image size-full\"><img loading=\"lazy\" decoding=\"async\" width=\"500\" height=\"500\" src=\"http:\/\/automat.kornblumen-apotheke.at\/wp-content\/uploads\/2023\/05\/grafik-5.png\" alt=\"\" class=\"wp-image-194\" srcset=\"https:\/\/automat.kornblumen-apotheke.at\/wp-content\/uploads\/2023\/05\/grafik-5.png 500w, https:\/\/automat.kornblumen-apotheke.at\/wp-content\/uploads\/2023\/05\/grafik-5-300x300.png 300w, https:\/\/automat.kornblumen-apotheke.at\/wp-content\/uploads\/2023\/05\/grafik-5-150x150.png 150w\" sizes=\"auto, (max-width: 500px) 100vw, 500px\" \/><\/figure>\n\n\n\n<h3 class=\"wp-block-heading\">Beschreibung<\/h3>\n\n\n\n<p>Bronchoplant<sup>\u00ae<\/sup> Brustbalsam f\u00fcr Erwachsene ist ein pflegendes Kosmetikum, welches als ideale Erg\u00e4nzung in der Erk\u00e4ltungszeit eingesetzt werden kann. Der Brustbalsam enth\u00e4lt Menthol, Kampfer, Eukalyptus, Thymian, Rosmarin, Majoran und Latschenkiefer. Diese Wirkstoffe wirken befreiend, sorgen f\u00fcr ein erleichtertes Durchatmen und wirken reinigend und sch\u00fctzend auf Nase und Atemwege.<\/p>\n\n\n\n<h3 class=\"wp-block-heading\">Anwendung<\/h3>\n\n\n\n<p>Zum Einreiben einen halben Zentimeter auf den gewaschenen Finger geben und sanft auf der &nbsp;Haut (Brust, R\u00fccken, Hals) verteilen. Die Anwendung kann 3-mal t\u00e4glich erfolgen. Bronchoplant<sup>\u00ae<\/sup> Brustbalsam f\u00fcr Erwachsene kann auch in Wasser gel\u00f6st und inhaliert werden. Zur Inhalation einen leicht geh\u00e4uften Teel\u00f6ffel in hei\u00dfes Wasser geben und durch Umr\u00fchren l\u00f6sen. Den Topf auf einen Tisch stellen, ein Handtuch zur Hilfe nehmen. \u00dcber den Topf beugen und so warm als m\u00f6glich inhalieren.<\/p>\n\n\n\n<h4 class=\"wp-block-heading\">Inhaltsstoffe<\/h4>\n\n\n\n<p>Kokos\u00f6l raffiniert (bio), Beerenwachs, Kampfer, Rosmarin\u00f6l, Latschenkiefer\u00f6l, Menthol, &nbsp;Eukalyptus\u00f6l, Thymian\u00f6l, Majoran\u00f6l. Der Brustbalsam ist vegan, frei von Silikon- und Mineral\u00f6l<\/p>\n\n\n\n<h4 class=\"wp-block-heading\">Wichtige Hinweise<\/h4>\n\n\n\n<p>Nach der Anwendung die H\u00e4nde gr\u00fcndlich waschen. Augenkontakt meiden. Bei Augenkontakt sofort mit klarem Wasser sp\u00fclen. Bei Brennen oder anderen Symptomen im oder am Auge kontaktieren Sie Ihren Arzt oder Apotheker. Bei bekannter \u00dcberempfindlichkeit gegen einen der Inhaltsstoffe das Produkt nicht anwenden. Bei Unvertr\u00e4glichkeit (R\u00f6tung, Reizung, Jucken der Haut) abwaschen und Anwendung beenden.<\/p>\n\n\n\n<p><strong>Die inhalative Anwendung ist nicht f\u00fcr Asthmatiker geeignet!<\/strong><\/p>\n\n\n\n<h4 class=\"wp-block-heading\">Hinweise zur Schwangerschaft und Stillzeit<\/h4>\n\n\n\n<p>In der Schwangerschaft und w\u00e4hrend der Stillzeit ist die Anwendung nicht empfohlen.<\/p>\n\n\n\n<p>Au\u00dferhalb der Reichweite von Kindern aufbewahren. Trocken, vor Licht und W\u00e4rme gesch\u00fctzt lagern.<\/p>\n\n\n\n<h3 class=\"wp-block-heading\">Inhalt<\/h3>\n\n\n\n<p>50 ml<\/p>\n\n\n\n<h3 class=\"wp-block-heading\">Produktkategorie<\/h3>\n\n\n\n<p>Kosmetikum<\/p>\n\n\n\n<h3 class=\"wp-block-heading\">PZN<\/h3>\n\n\n\n<p>5727304<\/p>\n","protected":false},"excerpt":{"rendered":"<p>Beschreibung Bronchoplant\u00ae Brustbalsam f\u00fcr Erwachsene ist ein pflegendes Kosmetikum, welches als ideale Erg\u00e4nzung in der Erk\u00e4ltungszeit eingesetzt werden kann. Der Brustbalsam enth\u00e4lt Menthol, Kampfer, Eukalyptus, Thymian, Rosmarin, Majoran und Latschenkiefer. Diese Wirkstoffe wirken befreiend, sorgen f\u00fcr ein erleichtertes Durchatmen und wirken reinigend und sch\u00fctzend auf Nase und Atemwege. Anwendung Zum Einreiben einen halben Zentimeter auf [&hellip;]<\/p>\n","protected":false},"author":1,"featured_media":0,"parent":0,"menu_order":0,"comment_status":"closed","ping_status":"closed","template":"","meta":{"footnotes":""},"class_list":["post-193","page","type-page","status-publish","hentry"],"_links":{"self":[{"href":"https:\/\/automat.kornblumen-apotheke.at\/index.php?rest_route=\/wp\/v2\/pages\/193","targetHints":{"allow":["GET"]}}],"collection":[{"href":"https:\/\/automat.kornblumen-apotheke.at\/index.php?rest_route=\/wp\/v2\/pages"}],"about":[{"href":"https:\/\/automat.kornblumen-apotheke.at\/index.php?rest_route=\/wp\/v2\/types\/page"}],"author":[{"embeddable":true,"href":"https:\/\/automat.kornblumen-apotheke.at\/index.php?rest_route=\/wp\/v2\/users\/1"}],"replies":[{"embeddable":true,"href":"https:\/\/automat.kornblumen-apotheke.at\/index.php?rest_route=%2Fwp%2Fv2%2Fcomments&post=193"}],"version-history":[{"count":1,"href":"https:\/\/automat.kornblumen-apotheke.at\/index.php?rest_route=\/wp\/v2\/pages\/193\/revisions"}],"predecessor-version":[{"id":195,"href":"https:\/\/automat.kornblumen-apotheke.at\/index.php?rest_route=\/wp\/v2\/pages\/193\/revisions\/195"}],"wp:attachment":[{"href":"https:\/\/automat.kornblumen-apotheke.at\/index.php?rest_route=%2Fwp%2Fv2%2Fmedia&parent=193"}],"curies":[{"name":"wp","href":"https:\/\/api.w.org\/{rel}","templated":true}]}}