{"id":126,"date":"2023-04-14T14:22:33","date_gmt":"2023-04-14T14:22:33","guid":{"rendered":"http:\/\/automat.kornblumen-apotheke.at\/?page_id=126"},"modified":"2023-04-14T14:22:33","modified_gmt":"2023-04-14T14:22:33","slug":"lindernde-intim-waschlotion-ph-6-5mit-malvenextraktund-bisabolol","status":"publish","type":"page","link":"https:\/\/automat.kornblumen-apotheke.at\/?page_id=126","title":{"rendered":"LINDERNDE INTIM-WASCHLOTION PH 6.5mit MALVENEXTRAKTund BISABOLOL"},"content":{"rendered":"\n<figure class=\"wp-block-image size-full\"><img loading=\"lazy\" decoding=\"async\" width=\"421\" height=\"421\" src=\"http:\/\/automat.kornblumen-apotheke.at\/wp-content\/uploads\/2023\/04\/grafik-16.png\" alt=\"\" class=\"wp-image-127\" srcset=\"https:\/\/automat.kornblumen-apotheke.at\/wp-content\/uploads\/2023\/04\/grafik-16.png 421w, https:\/\/automat.kornblumen-apotheke.at\/wp-content\/uploads\/2023\/04\/grafik-16-300x300.png 300w, https:\/\/automat.kornblumen-apotheke.at\/wp-content\/uploads\/2023\/04\/grafik-16-150x150.png 150w\" sizes=\"auto, (max-width: 421px) 100vw, 421px\" \/><\/figure>\n\n\n\n<p>Lindernde Intim-Waschlotion f\u00fcr die t\u00e4gliche Hygiene der Frau in der Menopause und\/oder w\u00e4hrend Hormontherapien oder der Einnahme der Antibabypille.<\/p>\n\n\n\n<p><strong>250 ml Flakon mit Dispenser<\/strong><\/p>\n\n\n\n<h2 class=\"wp-block-heading\">HINWEISE<\/h2>\n\n\n\n<p>\u200b<strong>Lindernde und sanfte <\/strong>Intim-Waschlotion mit dem <strong>pH-Wert 6.5<\/strong>, um den physiologischen pH-Wert der Frau in der Menopause zu bewahren. Lindert Beschwerden im Intimbereich, wie <strong>Trockenheit, Reizungen, Juckreiz und R\u00f6tungen<\/strong>.<\/p>\n\n\n\n<p>Die Mischung aus <strong>sehr sanften hochvertr\u00e4glichen Tensiden <\/strong>schenkt bei der in der Menopause typischen <strong>Intimtrockenheit Linderung <\/strong>und reinigt die Haut schonend, ohne sie anzugreifen.<\/p>\n\n\n\n<p>Dank der nat\u00fcrlichen Stoffe (Malven-Extrakt, Bisabolol und Ringelblumen-Extrakt) entfaltet die Waschlotion eine <strong>lindernde, feuchtigkeitsspendende und sch\u00fctzende Wirkung<\/strong>.<\/p>\n\n\n\n<p>Die antimikrobiellen Wirkstoffe (Pirocton-Olamin und Cymenol) besitzen ein <strong>bioselektive, die Bakterienflora ausgleichende Wirkung <\/strong>und helfen, dem Entstehen von <strong>unangenehmen Ger\u00fcchen entgegenzuwirken<\/strong>.<\/p>\n\n\n\n<p>F\u00fcr die <strong>t\u00e4gliche Intimpflege in der Menopause<\/strong>, w\u00e4hrend <strong>Hormontherapien <\/strong>oder der Einnahme der <strong>Antibabypille<\/strong>.<\/p>\n\n\n\n<p>Blumiger und milder Duft.<\/p>\n\n\n\n<p><strong>Ohne Natriumlaurylsulfate (SLS und SLES).<\/strong><\/p>\n\n\n\n<h2 class=\"wp-block-heading\">ANWENDUNG<\/h2>\n\n\n\n<p>\u200bIm Intimbereich ein- bis zweimal t\u00e4glich wie eine normale Waschl\u00f6sung mit Wasser benutzen und gr\u00fcndlich abwaschen.<\/p>\n\n\n\n<h2 class=\"wp-block-heading\">SICHERHEIT<\/h2>\n\n\n\n<p><strong>\u200bParaben tested**<\/strong><br>Entwickelt um Allergien zu vermeiden<br>In Zusammenarbeit mit Universit\u00e4tsinstituten entwickelt<br>Auf der empfindlichen Haut dermatologisch getestet<br>Nickel &lt; 0,0001% (1ppm)<br>Gluten &lt; 0,0005% (5ppm)<br>**Paraben &lt; 0,0001% (1ppm)<\/p>\n\n\n\n<p><strong>\u200bMalven-Extrakt<\/strong><br>Spendet Feuchtigkeit und lindert<br><br><strong>Bisabolol<\/strong><br>Lindert und beruhigt<br><br><strong>Ringelblumen-Extrakt<\/strong><br>Sch\u00fctzt und lindert<br><br><strong>Pirocton-Olamin<\/strong><br>Wirkt antimikrobiell und antimykotisch<br><br><strong>Cymenol<\/strong><br>Wirkt antibakteriell und antimykotisch<br><br><strong>Sanfte Reinigungsstoffe aus GHA-Zuckern<\/strong><br>Bilden einen cremigen Schaum, der die Haut nicht reizt und den Hydrolipidfilm bewahrt<\/p>\n\n\n\n<p>\u200b<strong>Malven-Extrakt<br><\/strong>Malven-Extrakt wird aus den Bl\u00e4ttern der Malva sylvestris gewonnen und ist reich an Schleimstoffen \u2013 Substanzen mit einer anerkannten <strong>feuchtigkeitsspendenden und lindernden Wirkung <\/strong>auf der Haut und den Schleimh\u00e4uten. Im Wasser <strong>nehmen diese Schleimstoffe gro\u00dfe Wassermengen auf <\/strong>und bilden dadurch Hydrokolloide, die einen d\u00fcnnen Film auf der Haut bilden, der das Wasser an die Hornschicht abgibt und damit der Haut Elastizit\u00e4t und Feuchtigkeit gibt. Ferner besitzt der Malven-extrakt <strong>erweichende und r\u00f6tungsmindernde Eigenschaften<\/strong>, was ihn zu einem idealen Verb\u00fcndeten bei <strong>trockener, zarter und leicht r\u00f6tender Haut macht<\/strong>.<\/p>\n\n\n\n<p><strong>Bisabolol<br><\/strong>Sesquiterpen-Alkohol, der durch Destillation des nat\u00fcrlichen Vanillosmopsis Erythropappa-\u00d6ls gewonnen wird. Seine lindernden, bakteriziden und antimykotischen Eigenschaften sind ausschlie\u00dflich dem linksdrehenden Isomer zuzuschreiben, das im nat\u00fcrlichen Alpha-Bisabolol zu mindestens 95% enthalten ist (der Gehalt im Alpha-Bisabolol synthetischen Ursprungs betr\u00e4gt nicht mehr als 85% des Racemats). Bisabolol <strong>lindert und beruhigt Reizungen und R\u00f6tungen <\/strong>und besitzt in seiner nat\u00fcrlichen Form <strong>eine bessere Stabilit\u00e4t und Hautvertr\u00e4glichkeit <\/strong>als das Bisabolol synthetischen Ursprungs.<\/p>\n\n\n\n<p>\u200bINGREDIENTS: AQUA, SODIUM COCOAMPHOACETATE, GLYCERIN, LAURYL GLUCOSIDE, CALENDULA OFFICINALIS EXTRACT, MALVA SYLVESTRIS EXTRACT, BISABOLOL, ETHYLHEXYLGLYCERIN, SODIUM COCOYL GLUTAMATE, SODIUM LAURYL GLUCOSE CARBOXYLATE, PROPYLENE GLYCOL, SORBITOL, BUTYLENE GLYCOL, CITRIC ACID, O-CYMEN-5-OL, PARFUM, PEG-55 PROPYLENE GLYCOL OLEATE, PHENOXYETHANOL, PIROCTONE OLAMINE, SODIUM CHLORIDE, TRISODIUM ETHYLENEDIAMINE DISUCCINATE.<\/p>\n","protected":false},"excerpt":{"rendered":"<p>Lindernde Intim-Waschlotion f\u00fcr die t\u00e4gliche Hygiene der Frau in der Menopause und\/oder w\u00e4hrend Hormontherapien oder der Einnahme der Antibabypille. 250 ml Flakon mit Dispenser HINWEISE \u200bLindernde und sanfte Intim-Waschlotion mit dem pH-Wert 6.5, um den physiologischen pH-Wert der Frau in der Menopause zu bewahren. Lindert Beschwerden im Intimbereich, wie Trockenheit, Reizungen, Juckreiz und R\u00f6tungen. Die [&hellip;]<\/p>\n","protected":false},"author":1,"featured_media":0,"parent":0,"menu_order":0,"comment_status":"closed","ping_status":"closed","template":"","meta":{"footnotes":""},"class_list":["post-126","page","type-page","status-publish","hentry"],"_links":{"self":[{"href":"https:\/\/automat.kornblumen-apotheke.at\/index.php?rest_route=\/wp\/v2\/pages\/126","targetHints":{"allow":["GET"]}}],"collection":[{"href":"https:\/\/automat.kornblumen-apotheke.at\/index.php?rest_route=\/wp\/v2\/pages"}],"about":[{"href":"https:\/\/automat.kornblumen-apotheke.at\/index.php?rest_route=\/wp\/v2\/types\/page"}],"author":[{"embeddable":true,"href":"https:\/\/automat.kornblumen-apotheke.at\/index.php?rest_route=\/wp\/v2\/users\/1"}],"replies":[{"embeddable":true,"href":"https:\/\/automat.kornblumen-apotheke.at\/index.php?rest_route=%2Fwp%2Fv2%2Fcomments&post=126"}],"version-history":[{"count":1,"href":"https:\/\/automat.kornblumen-apotheke.at\/index.php?rest_route=\/wp\/v2\/pages\/126\/revisions"}],"predecessor-version":[{"id":128,"href":"https:\/\/automat.kornblumen-apotheke.at\/index.php?rest_route=\/wp\/v2\/pages\/126\/revisions\/128"}],"wp:attachment":[{"href":"https:\/\/automat.kornblumen-apotheke.at\/index.php?rest_route=%2Fwp%2Fv2%2Fmedia&parent=126"}],"curies":[{"name":"wp","href":"https:\/\/api.w.org\/{rel}","templated":true}]}}